 1. Suppose f*c - 2*c = -20. List the prime factors of c.
2, 5
List the prime factors of (1 + 8/12 + -1)*114.
2, 19
Let b(f) = -f**2 + 7*f. Let u be b(8). Let n = u - -65. Suppose -4*t + m = -n, 0 = -2*t + 5*m + 17 - 2. List the prime factors of t.
3, 5
List the prime factors of -148*-3*1/6.
2, 37
Let j(t) be the first derivative of -3 + 3*t**2 - 1/3*t**3 + 2*t. List the prime factors of j(5).
7
Let w(p) = 3*p**2 - 6*p + 1. Let k(x) = -7*x**2 + 12*x - 1. Let h(b) = -2*k(b) - 5*w(b). Let y be h(6). Let l = -1 - y. What are the prime factors of l?
2
Suppose -5*q - 117 = 3*d, -3*d + 4*q - 93 = q. Let n = d + 59. What are the prime factors of n?
5
Suppose -76 = -n - 3*n. Let u = -76 + 70. Let h = u + n. List the prime factors of h.
13
Suppose -g - 136 = -3*g. Suppose -2*z = 3*k - 41, -3*k - g = -5*z + 24. List the prime factors of z.
19
Suppose 6 = 3*w - 6. Let t(v) = -3*v**3 - 2*v**2 - v - 3. Let j(u) = 7*u**3 + 4*u**2 + u + 6. Let s(r) = 4*j(r) + 9*t(r). List the prime factors of s(w).
3
Let z(f) = f**2 - 3*f - 6. What are the prime factors of z(-4)?
2, 11
Suppose -2*k + 275 = 3*k. Suppose k = 5*l - 10. What are the prime factors of l?
13
Suppose -2*x = 3*v + 154, 5*x = 4*v + 166 + 24. What are the prime factors of (-4)/(-6) - v/6?
3
Let b(r) = r**2 + 4*r + 5. List the prime factors of b(-4).
5
Let i(m) be the first derivative of m**5/20 - m**4/2 - m**3 - 5*m**2/2 - m + 2. Let x(h) be the first derivative of i(h). List the prime factors of x(7).
2
Suppose -4*o + 18 = -3*u, o = -4*u + 17 - 3. Suppose -3*l + 15 = o. What are the prime factors of l?
3
Let b(g) = -g**2 + 17*g + 27. What are the prime factors of b(14)?
3, 23
Suppose -5*o = -3*u - 453, o - 14 = -5*u + 71. What are the prime factors of o?
2, 3, 5
Let p(n) = n - 2. Let l be p(2). Suppose l*a - 5*a - 40 = 0. Let m = -1 - a. What are the prime factors of m?
7
Let k(a) = -6 - 3*a - 2 + 2 + a**3 + 7*a**2. Let n = 72 + -79. List the prime factors of k(n).
3, 5
Suppose -226 - 51 = -d. What are the prime factors of d?
277
Let d = -7 - -7. Suppose -20 - 86 = -2*g - 3*p, 5*p = d. List the prime factors of g.
53
Suppose y - b = 6 + 2, 2*b - 8 = -4*y. Suppose 0 = -2*q - y*z + 76, -5*q + 166 = -2*z + 4*z. What are the prime factors of q?
2
Let w(v) = -9*v**3 + 2*v - 1. Let s be 3/15 - (-4)/5. Let p be w(s). Let j(i) = i**2 + 5*i - 8. What are the prime factors of j(p)?
2
Let z(c) be the second derivative of -c**5/20 - 5*c**4/12 + 5*c**3/6 - c. List the prime factors of z(-6).
2, 3
Let x be 9/((-1)/4*6). What are the prime factors of 18/(-8)*80/x?
2, 3, 5
Let h be 410/(-6) - 1/(-3). Let q = h - -108. List the prime factors of q.
2, 5
Let o(i) = 4*i**2 + i - 1. What are the prime factors of o(2)?
17
What are the prime factors of 92/10*(4 - -1)?
2, 23
Let f = -6 + 7. Let i = f - -1. What are the prime factors of i?
2
Let h(k) = 6*k + 3. Let f be 4/((-1)/(6/(-8))). What are the prime factors of h(f)?
3, 7
Let k = 4 - 18. Let c be k/(-4) + 3/(-6). Let a(z) = -z + 5. What are the prime factors of a(c)?
2
Let w(n) = 2*n**2 + 4*n + 4. List the prime factors of w(-2).
2
Suppose 15 = 5*h - 0*h. Suppose 0 = 3*j - q - 7, -j - 3*q - h = 2*q. Let p(f) = f + 1. What are the prime factors of p(j)?
3
Suppose 46 = -h + 49. List the prime factors of h.
3
What are the prime factors of 5*(-316)/(-18) - 4/(-18)?
2, 11
Let w(f) = f**2 - 2*f - 2. Let q be w(4). Let i be 18/q*(0 - -1). Suppose -24 = -3*s + i*p, 0*p - 23 = -4*s + p. List the prime factors of s.
5
Let q = 2 - 2. Suppose 3*v = -4*a + 66, -3*a - 5*v + 3*v + 49 = 0. Let f = a - q. List the prime factors of f.
3, 5
Suppose -21 = -2*j - 4*p + 5, -19 = -3*j - 2*p. Suppose -17 - 7 = -4*b + 4*u, -2*b + j*u + 15 = 0. What are the prime factors of b?
3
Let l be (-48)/(-21) + (-2)/7. List the prime factors of ((-8)/(-6))/(l/21).
2, 7
Suppose -25 = -5*i - 7*f + 2*f, f = 3*i - 7. Let o = -2 + i. List the prime factors of 9/5 + o/5.
2
Suppose -4*s + 5*i + 129 = 0, -4*s + 2*s - 4*i + 58 = 0. What are the prime factors of s?
31
Let i = 84 - 48. Suppose i = 3*w - w. Suppose w = 4*b - 6. List the prime factors of b.
2, 3
Suppose 2*j - 288 = -2*j. List the prime factors of j.
2, 3
Let z be (8/3)/(2/6). Suppose -n - z = -0*n. Let r(f) = -f**2 - 10*f - 2. List the prime factors of r(n).
2, 7
Let n(r) = 2*r**2 - 10. What are the prime factors of n(-10)?
2, 5, 19
Let r(i) be the first derivative of 27*i**4/2 + i - 11. List the prime factors of r(1).
5, 11
Let r = 10 - 10. Suppose r = -4*j + 189 - 33. What are the prime factors of j?
3, 13
Let h(v) = v**2 + 2*v - 3. Let l be h(-3). Let s(n) = 5*n - 1. Let r be s(1). What are the prime factors of r + 0 + l + -1?
3
Suppose -4*r + 227 = -5*k, -2*r + 90 = -5*k - 21. Suppose 0 = -z - z + r. What are the prime factors of z?
29
Let q be 2 - 12/(4 + -1). Let k(g) = -9*g + 2. What are the prime factors of k(q)?
2, 5
Let l(v) = -4 - 3*v - v - v**2 - 3*v. What are the prime factors of l(-4)?
2
Let z(x) = -x**3 - 10*x**2 + 9*x + 10. What are the prime factors of z(-11)?
2
Let w(f) = f**3 - 4*f**2 - 3*f - 5. Let v be w(5). Let j(y) = 2*y**2 - 4*y + 5. What are the prime factors of j(v)?
5, 7
Let r(d) = -16*d - 7. Let p be r(-3). Suppose -m + 1 = m - 3*z, 2*m - p = -5*z. What are the prime factors of m?
2
Let n be (2/(-1))/(2/4). Let y(s) = 13*s**2 + 8*s - 3. Let z(l) = 4*l**2 + 3*l - 1. Let c(i) = -2*y(i) + 7*z(i). List the prime factors of c(n).
11
List the prime factors of (12/15)/((-16)/(-440)).
2, 11
Suppose -w = -5*p - 30, -2*p = -3*w - 6*p + 128. Let d = -28 + w. What are the prime factors of d?
2, 3
Let j = 6 - 11. Let t(k) = 3*k**3 + 2*k**2 - 6*k + 8. Let y(o) = o**3 - o**2 + 1. Let v(w) = t(w) - 2*y(w). List the prime factors of v(j).
11
Let o = -2 - -2. Suppose 4*x - 4*v = -o*v + 12, -4*x = v + 3. What are the prime factors of (-3)/(x - 6/16)?
2
Suppose -2*y = g - 3*y + 1, -2*g + 13 = 3*y. Suppose 22 = 5*w + g. List the prime factors of w.
2
Let l(y) be the second derivative of -y**5/20 + 11*y**4/12 - 5*y**3/3 - 2*y**2 - 3*y. Let i be l(10). What are the prime factors of 168/16*i/(-3)?
2, 7
What are the prime factors of 9/(-6)*1*(-84)/9?
2, 7
Let n(d) = d**2 + 2*d - 2. Let p = 11 + -7. What are the prime factors of n(p)?
2, 11
Suppose 14*z - 8*z = 1014. What are the prime factors of z?
13
Let d = 42 + 42. Suppose -3*v + d = 4*l, 0*l - l - 4*v = -21. Let p = l - 10. List the prime factors of p.
11
Let k(g) = 2*g**2 + 5*g - 3. Let c be k(-4). Let t = c + 5. List the prime factors of t.
2, 7
Let c = 13 - 14. Let r = c - -52. What are the prime factors of r?
3, 17
Suppose 0 = -4*l - 3*k + 34, 3*l - 27 = -2*l + 4*k. Let n be (4/(-10))/((-1)/(-35)). List the prime factors of 2/l + (-24)/n.
2
Let f(s) = 8*s**2 + 3*s + 1. Let c be f(-3). What are the prime factors of c/6 - (-3)/9?
11
Let s = 3 + 2. Let a = 1 + s. What are the prime factors of a?
2, 3
Suppose -y = 6 - 2. List the prime factors of (y/(-12))/((-2)/(-84)).
2, 7
Suppose 3*v = 2*v + 4. Let i be (-2)/v + (-17)/2. List the prime factors of i*(-2 - 10/(-6)).
3
What are the prime factors of (-5 - -15)/((-2)/(-1))?
5
Suppose -5*z + 54 = -1. What are the prime factors of z?
11
Let g(s) = -s + 1. Let z be 4/(-14) + (-51)/(-7). Let o be g(z). Let w = o + 15. What are the prime factors of w?
3
Suppose 0 = 2*i - 98 - 122. List the prime factors of i.
2, 5, 11
Suppose 0 = 3*f - 9*p + 4*p - 23, 0 = -5*f + 2*p + 13. Let g be -1 + f - 1 - -2. Let b(u) = 13*u - 1. What are the prime factors of b(g)?
2, 3
Let s be (-4)/(-18) - (-1344)/27. Suppose -s = -0*c + 5*c - 4*n, 4*c - n + 40 = 0. Let v = c - -19. List the prime factors of v.
3
Let l be ((-2)/4)/((-1)/10). Suppose -l*x - 21 = -2*x - 3*v, -x - 5*v = 1. Let p = 10 - x. What are the prime factors of p?
2
Let a(i) = i**3 + i**2 - i + 2. Let x be a(0). Suppose 4*j + 19 = d + x*j, 0 = 4*d - 2*j - 58. What are the prime factors of d?
13
Let p(w) = 6*w + 4. Let q(n) = n + 20. Let o be q(-14). What are the prime factors of p(o)?
2, 5
Suppose -3*n + 835 = 2*n - 4*w, 4*n - 668 = -4*w. What are the prime factors of n?
167
Let f(i) = -i**3 - 2*i**2 + 5*i + 4. Let w be f(-3). Suppose -2*g = 3*u + 18, -3*g + 4 = -2*u + 5. Let o = w - u. List the prime factors of o.
2
List the prime factors of (-4)/3 - (-140)/6.
2, 11
Let d(k) be the first derivative o